e?
False
Let t be 4 + 72/(-20) - (-13)/5. Suppose -11*d = -2*f - 6*d + 4996, -t*d + 12521 = 5*f. Is f a prime number?
True
Let k = 89785 + -21902. Is k a composite number?
False
Let t = -734 + 1256. Suppose -2*q - 5*a = -523, -2*q - 4*a = -0*a - t. Let g = -98 + q. Is g a prime number?
False
Let x(o) = -11*o**3 + 20*o**2 + 33*o - 12. Let q(y) = -4*y**3 + 7*y**2 + 11*y - 4. Let g = 34 - 37. Let h(d) = g*x(d) + 8*q(d). Is h(6) a prime number?
False
Let w(g) be the first derivative of 10*g**3/3 - 2*g**2 - 7*g + 5. Is w(-5) a composite number?
False
Is 1439 - (4 + 0 + -6) composite?
True
Suppose -2*b + 4*b - 166 = 0. Suppose 6*j + 534 = 9*j. Let x = j - b. Is x a composite number?
True
Suppose 0 = -67*w + 62*w + 1115. Is w a prime number?
True
Suppose -2*c + 0*c = 0. Suppose c = b + b - 4. Suppose 0 = -u - 4*f + 93, -f + b*f = -3*u + 257. Is u prime?
False
Let i(x) = x**2 - x**3 + x + 19 - x. Suppose c = 3*k + 4, k - 3*c - 20 = -8*c. Is i(k) prime?
True
Suppose 0 = -5*p - 71 + 71. Suppose -n + 1037 = -p*n. Is n prime?
False
Let g(l) = l**2 - 2*l + 1. Let w be g(-4). Suppose -2*a = 3*a - w. Suppose a*c - 2*c - 117 = 0. Is c a prime number?
False
Let p be (2 - (-6)/(-4))/((-1)/(-4242)). Suppose -p = 5*a - 8*a. Is a prime?
False
Let x be 18/27 + 28/3. Let t(v) = 2*v**2 + x*v**3 - 2*v**2 - 2*v**3 - v. Is t(1) a composite number?
False
Suppose -18*j - 36379 = -20*j - 5*y, 0 = -3*j - y + 54562. Is j a prime number?
False
Suppose 7*l - 35454 = 2248. Suppose 1001 - l = -5*t. Is t composite?
False
Let a(k) = -2*k - 3. Let q be a(-6). Let d(i) = -i + 21. Let z be d(17). Suppose 265 = -z*c + q*c. Is c prime?
True
Suppose -c + 3*c = 6. Let j(o) = 5*o - 4*o + 32*o**c + 0*o - o**2 - 2 + 1. Is j(2) a prime number?
False
Let m = 29157 + -18344. Is m a composite number?
True
Let s = 8202 - 5837. Suppose 6*r + 3*m - s = 4*r, -2*m - 1179 = -r. Is r a composite number?
False
Suppose 4139 = 9*v - 22312. Is v prime?
True
Is 0 + 3 - (128 - 6594) a prime number?
True
Let u = 37604 - 21915. Is u prime?
False
Suppose -26*p = -15*p - 36586. Is p a prime number?
False
Suppose 0 = 3*p + m - 4*m - 39, -p = -3*m - 9. Let h = p - 157. Let l = -75 - h. Is l a composite number?
False
Let c(i) = -185*i + 9. Let o be c(3). Let m = o - -797. Is m composite?
False
Suppose -72*a = 15919 - 1084615. Is a prime?
True
Let w(v) = 2390*v**2 - v - 5. Is w(-2) composite?
True
Let f(g) = g**2 - 13*g + 2. Let l be f(10). Let n = 19 - l. Is n a composite number?
False
Let w(a) = 2*a**2 - 14. Let t(r) = -r - 11. Let q be t(0). Let f be w(q). Let j = f - 5. Is j composite?
False
Suppose 2*s - 4 = -2*s - 4*m, -4*m + 4 = -s. Suppose 2*c - 6005 - 8385 = s. Is c a composite number?
True
Is (4696/(-16))/(1/(-1 - 1)) a composite number?
False
Let j = -13 - -17. Suppose 0 = -p - j*d + 9, 5*p - 16 - 14 = -5*d. Suppose -3*n + 90 + 203 = p*f, 3*f = -n + 175. Is f prime?
False
Suppose r - f = 1492, -r + 3*f - 4*f + 1484 = 0. Suppose -4*c - r = -8780. Is c prime?
True
Let c be 2/(((-16)/1566)/(-4)). Let b be c/11 - 10/55. Let t = 8 + b. Is t a composite number?
False
Is -7 - 1*(-24450 + -2) a prime number?
False
Let l = 78 + -15. Suppose 2*f + 2*o = 75 + 31, f - l = 4*o. Is f a prime number?
False
Let v = 5 - 0. Let m be 1623/v - 20/(-50). Suppose -4*c - w + 4*w + m = 0, 5*c = -w + 392. Is c composite?
False
Let q(k) = -7*k**3 + 15*k**2 + 2*k - 13. Let g(n) = n**3 + 1. Let f(s) = 6*g(s) + q(s). Let h be f(7). Suppose -4*c = -7*c + h. Is c a composite number?
True
Suppose 5*v - 5884 = 19611. Is v composite?
False
Let l(y) = 22*y**2 + 3*y - 6. Let o be l(4). Suppose -c = 3*g + 306, 0*g + 2*c + 107 = -g. Let z = g + o. Is z a composite number?
False
Suppose 0 = -r - 5*h + 10352, -3*r - 2*h = 3*h - 31086. Is r a composite number?
True
Suppose -28*o - 3846 = -171314. Is o a composite number?
False
Let l = 14 - 32. Let o(c) be the second derivative of -c**4/12 - 37*c**3/6 + 11*c**2/2 + 134*c. Is o(l) prime?
True
Suppose 4*f - 1157 = -5*a, 5*f - 2334 = -3*a - 891. Let x = -53 + f. Is x a prime number?
False
Let k = 9 + -8. Suppose -k = -m + 1. Is (1/m)/(9/2898) prime?
False
Suppose 19304 = 7*l - 26595. Is l prime?
False
Suppose 10*k + 2*k = 8664. Let n = k + -489. Is n prime?
True
Suppose 3*c + 4*c = 9051. Suppose c = -18*j + 21*j. Is j prime?
True
Let n be 16 + -18 + 7*3. Suppose 22001 = 26*o - n*o. Is o a composite number?
True
Suppose -101 = 2*j + 2*x - 7*x, 0 = j - 3*x + 49. Let h = j - -185. Suppose 2*m = 3*m - h. Is m a prime number?
True
Let t(s) = -s**2 + 7*s + 23*s**3 + 11 - 11. Is t(3) prime?
False
Let h(i) = 3*i**3 - 22*i**2 + 16*i - 37. Is h(24) composite?
False
Let d be 21/(-14)*(-16)/3. Suppose 8*k = 4*k + d. Is 72 + 4/(-8)*k a prime number?
True
Let q(c) be the second derivative of 5*c**4/3 - 11*c**3/6 - 2*c**2 + 18*c. Is q(7) a composite number?
True
Let m = -348 - -573. Suppose 0 = -7*g + 608 + m. Is g a composite number?
True
Let p = 73 - -562. Is p prime?
False
Let u(i) be the second derivative of 139*i**4/6 - i**3 + 9*i**2/2 + 7*i. Is u(2) a prime number?
True
Suppose 13*y - 25 = 27. Is (-3 + y)/((-2)/(-1142)) - 0 a prime number?
True
Let z = -306 - -68. Is (-17)/(z/118 - -2) prime?
False
Let k = 2048 - 1314. Suppose -9*d - k = -9653. Is d prime?
True
Let o(w) = w**3 - w - 1. Let h be o(2). Suppose 3*a + 442 = 2*v - 230, h*v - 1701 = -3*a. Is v composite?
True
Let y(o) = 114*o**2 - o + 16. Let a be y(-7). Let n = 8062 - a. Is n prime?
False
Let o(h) = 2*h**2 - 3*h + 4. Let j be o(9). Suppose 0 = -5*l - 2*r - j, 3*l + 46 = l + 4*r. Let c = 42 + l. Is c prime?
False
Let b be 3/(1/(-3)*-3). Let m = b + -1. Suppose 0 = -m*r + 342 - 8. Is r composite?
False
Suppose 0 = 3*s + 293 + 715. Let q(n) = -n + 539. Let m be q(0). Let w = m + s. Is w prime?
False
Let a(h) = -391*h**3 + h + 1. Suppose 3*g + 3 = -2*i, 2 - 3 = g - 4*i. Is a(g) prime?
False
Suppose 32 = 3*t + 5*u, 0 = -5*t + u - 2*u + 24. Suppose -v + 2186 = o, -t*v - 6*o + 8738 = -4*o. Is v a prime number?
False
Suppose u + 1659 - 61005 = -5*n, 5*u = n + 296652. Is u a prime number?
False
Let y = 112 - 20. Suppose -5*i - y = -4*l + 128, -4*i = l - 55. Let q = l - -108. Is q prime?
True
Let a be ((-14)/2 - -6) + (-93 - 1). Let q = a - -264. Is q a composite number?
True
Let b(s) = 9*s + 5. Let u be b(-2). Let l = 19 + u. Suppose 1228 = l*i - 2*i. Is i a prime number?
True
Let q(w) = -88*w - 3*w**3 + 0*w**3 - 4*w**2 + 3 + 102*w. Is q(-8) a composite number?
False
Let m = 8453 - 4195. Let t = m + -6373. Is (-2)/(-8) - t/36 composite?
False
Let n be (9/(-6))/((-3)/(-8)). Let f be (-50)/(-4) + 6/n. Suppose 4*u = -x + 45, f = -4*u - 1. Is x composite?
True
Let z = 5172 - 2593. Is z a prime number?
True
Suppose 0 = 28*u - 23*u - 2420. Suppose -136*i = -132*i - u. Is i composite?
True
Suppose 2*d + 96 = -d. Let i = d - -106. Is i a prime number?
False
Let m(s) = 51*s**2 + 18*s - 2. Is m(-8) composite?
True
Suppose 24 = 5*j + 9. Suppose 0 = j*t - 7*t + 13532. Is t composite?
True
Suppose 0 = 3*i + 4*h - 171373, 2*i - h = i + 57129. Is i composite?
True
Suppose -c = 5*p - 27731, -18*p + 22*p = 0. Is c prime?
False
Let x = 38180 - -54023. Is x composite?
False
Suppose -10 = -5*p + r, p + r + 3 - 11 = 0. Suppose 2965 = -p*b + 8*b. Is b composite?
False
Let y = -7342 + 22920. Suppose 4*k + 22702 = -y. Is 3 - (k/(-5))/(-3) composite?
False
Let g be (3/(-4))/((-14)/56). Suppose -230 + 65 = -3*q + 3*a, 0 = -2*q + g*a + 107. Is q prime?
False
Let g(w) = 99*w - 3. Let p(v) = -1782*v + 55. Let o(r) = 55*g(r) + 3*p(r). Let b be o(1). Let u = b - 2. Is u composite?
False
Suppose -2718 = 2*j - 10730. Is j a composite number?
True
Let c = 19 + -7. Let j be 6/4*c/6. Suppose -j*x = 9, -5*l + 641 = 2*x - 4*x. Is l composite?
False
Let a(n) be the second derivative of 5*n**4/6 - n**3/2 - 2*n**2 + n. Let d(q) = -q**3 + 4*q**2 + 4*q + 8. Let y be d(5). Is a(y) composite?
True
Suppose 2*d - 116 = -0*d. Suppose 5*u - d = v + 2*v, 4*v = 4*u - 40. Suppose -t = -u - 101. Is t a composite number?
True
Suppose -5*t + 1 = 4*r + 13, r - 6 = t. Suppose -878 = -r*x - 40. Is x a prime number?
True
Let k = -100 + 102. Suppose 4604 = k*b + 2*b. Is b composite?
False
Let y(z) = -3032*z - 33. Is y(-1) a prime number?
True
Is (-25)/10*(6/2 + -16757) composite?
True
Suppose -2 = 4*a + 2*u,